hat is -c64c0 - 3?
-c64c3
In base 3, what is -1011 - -2201001121?
2201000110
In base 6, what is 22 + -521531?
-521505
In base 10, what is -1269668 + -487?
-1270155
In base 6, what is 343453 + 213?
344110
In base 8, what is -12 - 145472327?
-145472341
In base 11, what is 0 - -a247a210?
a247a210
In base 6, what is 1015 - -113115202?
113120221
In base 15, what is 18e + -5b1b9c?
-5b1a0d
In base 3, what is 101220221111202 + 12?
101220221111221
In base 2, what is 101000011110111101110010 - -1000001?
101000011110111110110011
In base 13, what is 324470 + -1b9?
324284
In base 5, what is 340 - 112433204?
-112432314
In base 15, what is -2c902c + 2?
-2c902a
In base 9, what is 3 - 162400764?
-162400761
In base 2, what is 101110001101111011111001 - -101?
101110001101111011111110
In base 11, what is 28 + -aa8334?
-aa8307
In base 14, what is -85391c - -4c?
-8538b0
In base 3, what is 22012122 + 12021?
22101220
In base 12, what is 2 - -1ba07a?
1ba080
In base 9, what is -3 + -7472504?
-7472507
In base 14, what is 1a69472 + 59?
1a694cb
In base 11, what is 2a - -384621?
384650
In base 3, what is -111012 + -122222010201?
-122222121220
In base 3, what is -110022200212211 + 11000?
-110022200201211
In base 5, what is 10400111340 + -1?
10400111334
In base 8, what is 1 - -42032271?
42032272
In base 7, what is 26251 - -1441?
31022
In base 16, what is 1 + 1285cb2?
1285cb3
In base 6, what is 15 + 424204423?
424204442
In base 9, what is -37528245 - -1?
-37528244
In base 3, what is -102212021111000 + -11?
-102212021111011
In base 12, what is 520552b - -1?
5205530
In base 4, what is 103 - -11102013330?
11102020033
In base 4, what is 3323 - -30100213?
30110202
In base 16, what is 6b1ee8 + -3?
6b1ee5
In base 14, what is -321176 - -3?
-321173
In base 8, what is -55244 + 10?
-55234
In base 14, what is 3d5 - 315a?
-2b65
In base 3, what is -10010102212112 - 11?
-10010102212200
In base 14, what is -38 - -248ab6?
248a7c
In base 11, what is -33103 + 11?
-330a2
In base 2, what is -1001000000001110 + -101011000?
-1001000101100110
In base 9, what is 15424664 + -3?
15424661
In base 5, what is 41042 + 3001413?
3043010
In base 10, what is 26762564 + -5?
26762559
In base 10, what is -72633 - -42?
-72591
In base 3, what is -201 + -12220011000?
-12220011201
In base 13, what is -2c - 3895bb4?
-3895c13
In base 12, what is a1098 - -3a?
a1116
In base 7, what is -43450 + 24?
-43423
In base 15, what is -35 + 1c088?
1c053
In base 8, what is 14343 + -41733?
-25370
In base 9, what is 14 + 45350815?
45350830
In base 11, what is 2940 + -22a2?
649
In base 3, what is 201211 + 112012221121?
112020200102
In base 2, what is -1100101100011000010 + 110001100?
-1100101011100110110
In base 5, what is 421302333134 - 0?
421302333134
In base 16, what is -2 - 8188eb?
-8188ed
In base 5, what is 3013421 - -10141?
3024112
In base 10, what is 163 - -1430474?
1430637
In base 15, what is 178a5c - 1?
178a5b
In base 10, what is -1 + 19076654?
19076653
In base 2, what is 1101011011 - -1000011101111111111?
1000011111101011010
In base 3, what is 2120 - -101201000022?
101201002212
In base 15, what is 5db99 - -37?
5dbd1
In base 13, what is 819 - -1013?
182c
In base 15, what is -1c - c05d1?
-c05ed
In base 10, what is 1866453 + 4?
1866457
In base 7, what is 0 - 6443331065?
-6443331065
In base 11, what is 49239 - 261?
48a88
In base 9, what is 146706 + -12610?
134086
In base 2, what is -1101 - -1101110100001001010011?
1101110100001001000110
In base 2, what is 1110100000 + 1111111110001?
10001110010001
In base 15, what is -9 + 4876e2?
4876d8
In base 15, what is -6a39 + -3ce?
-6e18
In base 7, what is -3 + 620520611?
620520605
In base 16, what is -d8 - -15350c?
153434
In base 14, what is 5b - -37502?
3755d
In base 11, what is 1736 - -1780?
3406
In base 9, what is -8 - 40274775?
-40274784
In base 9, what is 26773 + -21874?
4788
In base 10, what is -31 - -1968366?
1968335
In base 10, what is -32109 + -456?
-32565
In base 6, what is -34235 - 441253?
-515532
In base 13, what is 1 - -11b858?
11b859
In base 15, what is -3 - -a9942e?
a9942b
In base 12, what is -353483 - -4?
-35347b
In base 14, what is b42 + 32?
b74
In base 3, what is -2212 + -20022002?
-20101221
In base 7, what is -132 - 566363?
-566525
In base 15, what is 3c + 188c2?
1890e
In base 7, what is -2124 + 50033?
44606
In base 12, what is 186 - 22982?
-227b8
In base 8, what is -7 + 624764?
624755
In base 7, what is 0 + 40323?
40323
In base 16, what is -6945c - 98?
-694f4
In base 5, what is -101323422132 - 2?
-101323422134
In base 7, what is -36 + -13433452?
-13433521
In base 10, what is 5 - 31584665?
-31584660
In base 4, what is 1120320 - 1332212?
-211232
In base 8, what is 304267005 + 1?
304267006
In base 8, what is 241 + 67462?
67723
In base 3, what is -221110110221011 + 2?
-221110110221002
In base 13, what is 24533c8 - 2b?
245339a
In base 10, what is 4 + -4457111?
-4457107
In base 5, what is -22443 - 2443322?
-3021320
In base 10, what is -3 - 10365707?
-10365710
In base 15, what is c088 + 334?
c3bc
In base 9, what is 32 - 620223?
-620181
In base 16, what is -2f - -117ff6?
117fc7
In base 2, what is 101101000 - 10111110110100001?
-10111110000111001
In base 15, what is -8be + 486b?
3e9c
In base 13, what is 2c + -115213?
-1151b4
In base 11, what is -37 + -209949?
-209985
In base 15, what is -4 - 555731?
-555735
In base 16, what is -7c2 - -39e3?
3221
In base 8, what is -452 - 632522?
-633174
In base 14, what is 1a6a2 + -da?
1a5a6
In base 10, what is -236 - 30662?
-30898
In base 11, what is 49173 - 165?
49009
In base 16, what is 14c - -5b57?
5ca3
In base 12, what is -35b077b - a?
-35b0789
In base 14, what is 2575d - -c5?
25844
In base 11, what is -1005 - -5107?
4102
In base 5, what is -112120320 - -2002?
-112113313
In base 7, what is -13536 - 15412?
-32251
In base 11, what is 1313041 - 9?
1313033
In base 14, what is d79 - -14c?
10c7
In base 7, what is -33046 - 31?
-33110
In base 11, what is 252 + 121233?
121485
In base 11, what is -27947 - -60?
-27897
In base 6, what is 12014 - 20214?
-4200
In base 4, what is -101223221012 - 11?
-101223221023
In base 14, what is 381 + 226?
5a7
In base 4, what is 1133022 - 12312213?
-11113131
In base 6, what is 43 + -45004230?
-45004143
In base 9, what is 46542 + 175?
46727
In base 9, what is 158 - 5837?
-5668
In base 8, what is 0 - -1172053275?
1172053275
In base 12, what is -a036995 - 5?
-a03699a
In base 16, what is 4 - 3b470b?
-3b4707
In base 15, what is 157 - 7c261?
-7c109
In base 8, what is -460 - 11510?
-12170
In base 2, what is 100111001011011010 - -1001000011?
100111010100011101
In base 8, what is 72516 + 207?
72725
In base 16, what is -2b2 - 1590?
-1842
In base 7, what is -1 - -204016404?
204016403
In base 12, what is -4 - 8096949?
-8096951
In base 2, what is -1011110110011111110 - 11001?
-1011110110100010111
In base 14, what is 3b347 - -14?
3b35b
In base 8, what is -17421 - 14464?
-34105
In base 3, what is 211112022122211122 - 10?
211112022122211112
In base 8, what is 40266422 - -1?
40266423
In base 2, what is -100110010101 - 111100010110101001?
-111100111100111110
In base 16, what is 5b89 - -562?
60eb
In base 15, what is -405c690 - -4?
-405c68b
In base 16, what is -182cb4 + 111?
-182ba3
In base 4, what is -23213130233 - 3311?
-23213200210
In base 14, what is 1ac09 - 0?
1ac09
In base 9, what is 1 + 3021131?
3021132
In base 13, what is 1 - 2519516?
-2519515
In base 16, what is 4555a - d?
4554d
In base 5, what is 4111 - -1423400?
1433011
In base 7, what is 13 - 160360020?
-160360004
In base 9, what is -566722 - -1?
-566721
In base 13, what is 1602b + 5b9b?
1bbc9
In base 13, what is 36 - -8c055?
8c08b
In base 14, what is -4 + -2289a1ad?
-2289a1b3
In base 8, what is -107 + 204154?
204045
In base 10, what is 14 + 13036505?
13036519
In base 14, what is -17070828 - 0?
-17070828
In base 10, what is 381935 - 187?
381748
In base 6, what is -12 - 1554324423?
-1554324435
In base 2, what is 10000000 - -10010011000001010?
10010011010001010
In base 2, what is 11 - 1101011101101010100110?
-1101011101101010100011
In base 4, what is -2001210213 - 0?
-2001210213
In base 9, what is 617332 - -50?
617382
In base 9, what is -382616 + 128?
-382477
In base 16, what is -87 - 42053?
-420da
In base 5, what is 322324323420 - -10?
322324323430
In base 13, what is 1169